{"id":20,"date":"2023-12-22T10:42:35","date_gmt":"2023-12-22T10:42:35","guid":{"rendered":"https:\/\/36-15graphisme.fr\/blog\/?page_id=2"},"modified":"2025-10-06T07:37:25","modified_gmt":"2025-10-06T07:37:25","slug":"accueil","status":"publish","type":"page","link":"https:\/\/3615graphisme.fr\/minitel\/","title":{"rendered":"Accueil"},"content":{"rendered":"\t\t<div data-elementor-type=\"wp-page\" data-elementor-id=\"20\" class=\"elementor elementor-20\">\n\t\t\t\t<div class=\"elementor-element elementor-element-3801234 e-con-full e-flex e-con e-parent\" data-id=\"3801234\" data-element_type=\"container\" data-e-type=\"container\">\n\t\t<div class=\"elementor-element elementor-element-6eb2801 e-con-full e-flex e-con e-child\" data-id=\"6eb2801\" data-element_type=\"container\" data-e-type=\"container\">\n\t\t\t\t<div class=\"elementor-element elementor-element-58c6978 elementor-widget elementor-widget-heading\" data-id=\"58c6978\" data-element_type=\"widget\" data-e-type=\"widget\" data-widget_type=\"heading.default\">\n\t\t\t\t\t<h2 class=\"elementor-heading-title elementor-size-default\">3615 graphisme \u00c7a fait un peu vieillot non ?<\/h2>\t\t\t\t<\/div>\n\t\t\t\t<div class=\"elementor-element elementor-element-f077902 elementor-widget elementor-widget-image\" data-id=\"f077902\" data-element_type=\"widget\" data-e-type=\"widget\" data-widget_type=\"image.default\">\n\t\t\t\t\t\t\t\t\t\t\t\t\t\t\t<img fetchpriority=\"high\" decoding=\"async\" width=\"800\" height=\"534\" src=\"https:\/\/i0.wp.com\/3615graphisme.fr\/minitel\/wp-content\/uploads\/2025\/07\/image-ecran_.webp?fit=800%2C534&amp;ssl=1\" class=\"attachment-large size-large wp-image-1146\" alt=\"\" srcset=\"https:\/\/i0.wp.com\/3615graphisme.fr\/minitel\/wp-content\/uploads\/2025\/07\/image-ecran_.webp?w=1024&amp;ssl=1 1024w, https:\/\/i0.wp.com\/3615graphisme.fr\/minitel\/wp-content\/uploads\/2025\/07\/image-ecran_.webp?resize=300%2C200&amp;ssl=1 300w, https:\/\/i0.wp.com\/3615graphisme.fr\/minitel\/wp-content\/uploads\/2025\/07\/image-ecran_.webp?resize=768%2C512&amp;ssl=1 768w\" sizes=\"(max-width: 800px) 100vw, 800px\" \/>\t\t\t\t\t\t\t\t\t\t\t\t\t\t\t<\/div>\n\t\t\t\t<\/div>\n\t\t<div class=\"elementor-element elementor-element-d288a7a e-con-full e-flex e-con e-child\" data-id=\"d288a7a\" data-element_type=\"container\" data-e-type=\"container\">\n\t\t\t\t<div class=\"elementor-element elementor-element-f71175d elementor-widget elementor-widget-spacer\" data-id=\"f71175d\" data-element_type=\"widget\" data-e-type=\"widget\" data-widget_type=\"spacer.default\">\n\t\t\t\t\t\t\t<div class=\"elementor-spacer\">\n\t\t\t<div class=\"elementor-spacer-inner\"><\/div>\n\t\t<\/div>\n\t\t\t\t\t\t<\/div>\n\t\t\t\t<div class=\"elementor-element elementor-element-70d2b90 elementor-widget elementor-widget-text-editor\" data-id=\"70d2b90\" data-element_type=\"widget\" data-e-type=\"widget\" data-widget_type=\"text-editor.default\">\n\t\t\t\t\t\t\t\t\t<p>Oui ma bonne dame ! Mais c&rsquo;est voulu ! Pour la petite histoire, c&rsquo;est dans le cadre d\u2019une reprise d&rsquo;\u00e9tude que j&rsquo;ai entam\u00e9 il y a quelques ann\u00e9es, que j&rsquo;ai d\u00fb effectuer un travail de carte de v\u0153ux avec comme contrainte \u00ab \u00e0 la mani\u00e8re de \u00bb Ayant un gout prononc\u00e9 pour le cynisme et \u00e9tant le doyen de la promo, j\u2019ai naturellement choisi l\u2019esth\u00e9tique du <a href=\"https:\/\/www.youtube.com\/watch?v=-NzxJGvZzeQ\" target=\"_blank\" rel=\"noopener\">\u00ab\u00a0message \u00e0 caract\u00e8re informatif\u00a0\u00bb<\/a> et de fil en aiguille, j&rsquo;ai aussi d\u00e9cid\u00e9 de monter le 36-15 graphisme.<\/p>\t\t\t\t\t\t\t\t<\/div>\n\t\t\t\t<div class=\"elementor-element elementor-element-bfbd1ab elementor-widget elementor-widget-text-editor\" data-id=\"bfbd1ab\" data-element_type=\"widget\" data-e-type=\"widget\" data-widget_type=\"text-editor.default\">\n\t\t\t\t\t\t\t\t\t<p>Ce site est un projet (entendez par l\u00e0 que je ne sais pas exactement ce que je vais en faire) il va \u00e9voluer, se remplir, h\u00e9berger des collaborations, r\u00e9gresser, planter&#8230; bref, il est n\u00e9 il y a un an et il vit sa vie de site !<\/p>\n<p>Si participer \u00e0 cette folle aventure dans la lign\u00e9e de la COGIP\u00a9 ou de Cravatech<span class=\"wdg-select-all-ok\">\u24c7<\/span> vous tente, n&rsquo;h\u00e9sitez pas \u00e0 me contacter !\u00a0Le site est h\u00e9berg\u00e9 chez moi, vous \u00eates donc dans mon salon, alors, tenez-vous bien, retirez ce doigt de votre nez et cette main de votre slip !<\/p>\t\t\t\t\t\t\t\t<\/div>\n\t\t\t\t<\/div>\n\t\t\t\t<\/div>\n\t\t\t\t<\/div>\n\t\t","protected":false},"excerpt":{"rendered":"<p>3615 graphisme \u00c7a fait un peu vieillot non ? Oui ma bonne dame ! Mais c&rsquo;est voulu ! Pour la petite histoire, c&rsquo;est dans le cadre d\u2019une reprise d&rsquo;\u00e9tude que j&rsquo;ai entam\u00e9 il y a quelques ann\u00e9es, que j&rsquo;ai d\u00fb effectuer un travail de carte de v\u0153ux avec comme contrainte \u00ab \u00e0 la mani\u00e8re de [&hellip;]<\/p>\n","protected":false},"author":1,"featured_media":891,"parent":0,"menu_order":0,"comment_status":"closed","ping_status":"closed","template":"elementor_canvas","meta":{"footnotes":""},"class_list":["post-20","page","type-page","status-publish","has-post-thumbnail","hentry"],"jetpack_sharing_enabled":true,"_links":{"self":[{"href":"https:\/\/3615graphisme.fr\/minitel\/wp-json\/wp\/v2\/pages\/20","targetHints":{"allow":["GET"]}}],"collection":[{"href":"https:\/\/3615graphisme.fr\/minitel\/wp-json\/wp\/v2\/pages"}],"about":[{"href":"https:\/\/3615graphisme.fr\/minitel\/wp-json\/wp\/v2\/types\/page"}],"author":[{"embeddable":true,"href":"https:\/\/3615graphisme.fr\/minitel\/wp-json\/wp\/v2\/users\/1"}],"replies":[{"embeddable":true,"href":"https:\/\/3615graphisme.fr\/minitel\/wp-json\/wp\/v2\/comments?post=20"}],"version-history":[{"count":0,"href":"https:\/\/3615graphisme.fr\/minitel\/wp-json\/wp\/v2\/pages\/20\/revisions"}],"wp:featuredmedia":[{"embeddable":true,"href":"https:\/\/3615graphisme.fr\/minitel\/wp-json\/wp\/v2\/media\/891"}],"wp:attachment":[{"href":"https:\/\/3615graphisme.fr\/minitel\/wp-json\/wp\/v2\/media?parent=20"}],"curies":[{"name":"wp","href":"https:\/\/api.w.org\/{rel}","templated":true}]}}